 1079711 prime?
True
Is 7284293 a composite number?
False
Is 12683443 a prime number?
True
Is 64259 prime?
False
Is 205829569 a composite number?
True
Is 201038081 a composite number?
True
Is 18003667 a prime number?
False
Is 293885871 a composite number?
True
Is 423173 prime?
True
Is 4822171 a prime number?
False
Is 28190273 a composite number?
False
Is 633672202 a composite number?
True
Is 2272247 a composite number?
True
Is 127462387 prime?
False
Is 78092449 prime?
True
Is 60417239 a composite number?
True
Is 1951331 a composite number?
True
Is 3547771 composite?
True
Is 60175473 prime?
False
Is 4467395 prime?
False
Is 35624311 composite?
False
Is 55847 a composite number?
True
Is 19892839 a prime number?
False
Is 1146451 a composite number?
True
Is 15176899 a prime number?
False
Is 20026571 a composite number?
False
Is 20044019 a composite number?
True
Is 4548073 a prime number?
False
Is 78889049 composite?
True
Is 63856601 composite?
True
Is 24750519 composite?
True
Is 4055792047 prime?
True
Is 32217841 composite?
True
Is 2229677 composite?
True
Is 56731483 composite?
False
Is 4074487 a composite number?
False
Is 25551517 a prime number?
True
Is 2892829 prime?
False
Is 268581101 a prime number?
False
Is 1957637 composite?
True
Is 92290609 prime?
True
Is 563378201 a prime number?
True
Is 15168581 a composite number?
False
Is 407884133 prime?
True
Is 1885673 prime?
True
Is 269425267 composite?
True
Is 57945583 a composite number?
False
Is 37094119 prime?
False
Is 1259509 composite?
False
Is 322084957 composite?
True
Is 33925477 a composite number?
True
Is 17719082 prime?
False
Is 20777357 composite?
True
Is 28244197 composite?
False
Is 16074853 a composite number?
False
Is 4423807 composite?
False
Is 82409407 prime?
True
Is 95148791 composite?
False
Is 45618253 composite?
True
Is 224547437 a composite number?
False
Is 42693253 composite?
True
Is 3889979 composite?
True
Is 16731739 prime?
True
Is 46794281 composite?
True
Is 2118227 a prime number?
False
Is 663259 a prime number?
False
Is 282996191 composite?
False
Is 14530559 prime?
True
Is 1761797 prime?
True
Is 407697347 a prime number?
False
Is 29832491 composite?
True
Is 3228437 prime?
True
Is 1302913 a composite number?
True
Is 35714797 composite?
False
Is 593291203 prime?
False
Is 8355437 a composite number?
True
Is 1564307 a composite number?
False
Is 2432429 composite?
False
Is 3917071 prime?
False
Is 527718761 a composite number?
False
Is 70265333 a composite number?
True
Is 59582113 a prime number?
True
Is 1478897 composite?
True
Is 1762091 composite?
True
Is 2037794689 a prime number?
False
Is 31549181 composite?
False
Is 7281691 composite?
True
Is 6930851 a composite number?
False
Is 751188193 prime?
False
Is 31437883 composite?
False
Is 160442129 composite?
False
Is 2235802 prime?
False
Is 78059 a prime number?
True
Is 3477081 a composite number?
True
Is 664471 a prime number?
True
Is 791254733 a composite number?
False
Is 1700602 composite?
True
Is 2587341 prime?
False
Is 3309071 composite?
False
Is 160872259 a prime number?
False
Is 518033 a composite number?
True
Is 22550953 a prime number?
False
Is 1996901 a composite number?
False
Is 22578409 composite?
True
Is 22016339 a prime number?
False
Is 88241999 composite?
False
Is 112067231 a composite number?
False
Is 25929263 a prime number?
True
Is 218132069 prime?
False
Is 1295979 a composite number?
True
Is 3938593 a composite number?
False
Is 1567469 composite?
False
Is 3836771 prime?
True
Is 7032787 a prime number?
True
Is 18909703 a prime number?
False
Is 36039521 prime?
False
Is 318574 prime?
False
Is 30288113 prime?
True
Is 4849147 composite?
False
Is 12803698 a composite number?
True
Is 392039 composite?
True
Is 49561693 composite?
True
Is 907061 prime?
False
Is 23150689 a composite number?
False
Is 7467926 prime?
False
Is 83153531 composite?
True
Is 725231 prime?
False
Is 2421383 a composite number?
False
Is 5566387 a prime number?
True
Is 92740017 a prime number?
False
Is 686308087 a prime number?
True
Is 9753477 prime?
False
Is 1445326 a prime number?
False
Is 3066493 a composite number?
False
Is 146352931 prime?
True
Is 572347 composite?
True
Is 2415531 composite?
True
Is 52668139 composite?
False
Is 947565607 prime?
True
Is 34594559 a prime number?
True
Is 544053001 prime?
True
Is 112837481 composite?
True
Is 13348381 a prime number?
False
Is 595018091 prime?
True
Is 38471473 a prime number?
False
Is 2688869 a prime number?
True
Is 177379 composite?
False
Is 483064319 a composite number?
False
Is 243661549 a prime number?
True
Is 20290661 a composite number?
False
Is 758972339 composite?
False
Is 29461101 prime?
False
Is 41590571 a composite number?
True
Is 2308717 a prime number?
False
Is 1247117 a composite number?
False
Is 156475103 a prime number?
True
Is 616279331 prime?
True
Is 3141763 composite?
False
Is 10229413 composite?
False
Is 53849267 a composite number?
False
Is 38543 a composite number?
False
Is 65735711 composite?
False
Is 93495821 composite?
True
Is 11770379 composite?
False
Is 84638737 a composite number?
True
Is 7436321 prime?
False
Is 213989 prime?
True
Is 4682593 prime?
False
Is 22429007 a prime number?
False
Is 497553961 prime?
True
Is 147067679 a prime number?
False
Is 26393893 a prime number?
True
Is 89515651 a composite number?
False
Is 288413 composite?
False
Is 1755161 composite?
False
Is 7747963 composite?
False
Is 3350427 prime?
False
Is 10113907 prime?
True
Is 3049507 a composite number?
False
Is 604355 composite?
True
Is 73468697 a prime number?
False
Is 129144013 a prime number?
True
Is 43853479 a prime number?
False
Is 26036539 a composite number?
False
Is 131125639 a prime number?
False
Is 18774971 a prime number?
False
Is 5698717 prime?
True
Is 22034689 a composite number?
False
Is 792709 a composite number?
False
Is 28618507 a prime number?
True
Is 2235013 prime?
False
Is 530099329 prime?
False
Is 622177 a composite number?
False
Is 827321017 prime?
False
Is 348015247 composite?
False
Is 28151 a prime number?
True
Is 9947473 a prime number?
True
Is 2541583 prime?
False
Is 9690943 a composite number?
True
Is 43177 composite?
False
Is 312298346 prime?
False
Is 4938463 composite?
True
Is 153689 prime?
True
Is 52868383 a prime number?
True
Is 4113091 a prime number?
False
Is 8191163 prime?
False
Is 2279527 a prime number?
True
Is 19750501 a prime number?
True
Is 76579549 prime?
True
Is 17405683 composite?
True
Is 8125363 a prime number?
True
Is 136563047 a prime number?
False
Is 225562031 a prime number?
True
Is 68499253 a composite number?
False
Is 576373 composite?
True
Is 2029301 a composite number?
False
Is 69248222 a composite number?
True
Is 2663567 a composite number?
False
Is 15489263 prime?
True
Is 50876209 composite?
True
Is 4880221 composite?
False
Is 46354613 a composite number?
False
Is 9551 a prime number?
True
Is 6280277 a prime number?
False
Is 12202089 composite?
True
Is 23698027 prime?
False
Is 31831363 prime?
False
Is 13827727 a composite number?
True
Is 290351723 prime?
True
Is 19134301 composite?
True
Is 68991047 a composite number?
False
Is 232032583 a prime number?
True
Is 2202121 a prime number?
True
Is 7331647 prime?
True
Is 19653241 composite?
True
Is 16182289 a prime number?
True
Is 92436037 a prime number?
True
Is 13393353 composite?
True
Is 87750431 a composite number?
False
Is 2161789 a prime number?
False
Is 67746023 prime?
True
Is 42676567 a composite number?
False
Is 156184441 a composite number?
True
Is 1828867 prime?
True
Is 320557451 composite?
False
Is 20769113 prime?
True
Is 72123951 a prime number?
False
Is 7694363 composite?
True
Is 17266637 a composite number?
True
Is 11773007 prime?
False
Is 160280999 composite?
True
Is 1621699 composite?
False
Is 105503087 prime?
True
Is 734263667 composite?
False
Is 1495579 composite?
True
Is 5158849 composite?
True
Is 14876215 a prime number?
False
Is 23497 composite?
False
Is 164778347 prime?
False
Is 436610221 composite?
True
Is 5403949 a composite number?
False
Is 1875331 prime?
True
Is 5035447 composite?
False
Is 2466869 a composite number?
False
Is 34795771 a prime number?
False
Is 4149337 a composite number?
False
Is 3231253 a prime number?
False
Is 805247 prime?
False
Is 161315461 composite?
Fa